{"id":646,"date":"2020-07-21T01:02:24","date_gmt":"2020-07-21T05:02:24","guid":{"rendered":"http:\/\/54.87.247.144\/?page_id=646"},"modified":"2021-08-13T17:42:21","modified_gmt":"2021-08-13T21:42:21","slug":"contacto","status":"publish","type":"page","link":"https:\/\/ducasseindustrial.com\/testcl\/contacto","title":{"rendered":"Contacto"},"content":{"rendered":"<p><a href=\"\/testcl\/empresa\">QUEREMOS AYUDARTE&#8230; CONT\u00c1CTANOS<\/a><\/p>\n<p>D\u00c9JANOS TU CONSULTA:<\/p>\n\n<div class=\"wpcf7 no-js\" id=\"wpcf7-f2783-o1\" lang=\"es-CL\" dir=\"ltr\" data-wpcf7-id=\"2783\">\n<div class=\"screen-reader-response\"><p role=\"status\" aria-live=\"polite\" aria-atomic=\"true\"><\/p> <ul><\/ul><\/div>\n<form action=\"\/testcl\/wp-json\/wp\/v2\/pages\/646#wpcf7-f2783-o1\" method=\"post\" class=\"wpcf7-form init\" aria-label=\"Formulario de contacto\" novalidate=\"novalidate\" data-status=\"init\">\n<fieldset class=\"hidden-fields-container\"><input type=\"hidden\" name=\"_wpcf7\" value=\"2783\" \/><input type=\"hidden\" name=\"_wpcf7_version\" value=\"6.1.3\" \/><input type=\"hidden\" name=\"_wpcf7_locale\" value=\"es_CL\" \/><input type=\"hidden\" name=\"_wpcf7_unit_tag\" value=\"wpcf7-f2783-o1\" \/><input type=\"hidden\" name=\"_wpcf7_container_post\" value=\"0\" \/><input type=\"hidden\" name=\"_wpcf7_posted_data_hash\" value=\"\" \/><input type=\"hidden\" name=\"_wpcf7cf_hidden_group_fields\" value=\"[]\" \/><input type=\"hidden\" name=\"_wpcf7cf_hidden_groups\" value=\"[]\" \/><input type=\"hidden\" name=\"_wpcf7cf_visible_groups\" value=\"[]\" \/><input type=\"hidden\" name=\"_wpcf7cf_repeaters\" value=\"[]\" \/><input type=\"hidden\" name=\"_wpcf7cf_steps\" value=\"{}\" \/><input type=\"hidden\" name=\"_wpcf7cf_options\" value=\"{&quot;form_id&quot;:2783,&quot;conditions&quot;:[{&quot;then_field&quot;:&quot;-1&quot;,&quot;and_rules&quot;:[{&quot;if_field&quot;:&quot;-1&quot;,&quot;operator&quot;:&quot;equals&quot;,&quot;if_value&quot;:&quot;&quot;}]}],&quot;settings&quot;:{&quot;animation&quot;:&quot;yes&quot;,&quot;animation_intime&quot;:200,&quot;animation_outtime&quot;:200,&quot;conditions_ui&quot;:&quot;normal&quot;,&quot;notice_dismissed&quot;:false}}\" \/><input type=\"hidden\" name=\"_wpcf7_recaptcha_response\" value=\"\" \/>\n<\/fieldset>\n<p><span class=\"wpcf7-form-control-wrap\" data-name=\"area\"><select class=\"wpcf7-form-control wpcf7-select wpcf7-validates-as-required area\" id=\"area\" aria-required=\"true\" aria-invalid=\"false\" name=\"area\"><option value=\"--Seleccione un \u00e1rea de contacto\">--Seleccione un \u00e1rea de contacto<\/option><option value=\"Ventas Centroam\u00e9rica\">Ventas Centroam\u00e9rica<\/option><option value=\"Ventas Chile\">Ventas Chile<\/option><option value=\"Servicio al Cliente\">Servicio al Cliente<\/option><option value=\"Cl\u00f3set y Muebles (L\u00ednea Mobile)\">Cl\u00f3set y Muebles (L\u00ednea Mobile)<\/option><option value=\"Arquitectura (L\u00ednea Segmenta)\">Arquitectura (L\u00ednea Segmenta)<\/option><option value=\"Portones (L\u00ednea Heavy Duty)\">Portones (L\u00ednea Heavy Duty)<\/option><option value=\"Ventanas (L\u00ednea Vento)\">Ventanas (L\u00ednea Vento)<\/option><option value=\"Organizaci\u00f3n (L\u00ednea Organiza)\">Organizaci\u00f3n (L\u00ednea Organiza)<\/option><option value=\"Marketing\">Marketing<\/option><option value=\"Trabaja con nosotros\">Trabaja con nosotros<\/option><option value=\"Cobranza\">Cobranza<\/option><option value=\"Capacitaciones a distribuidor\">Capacitaciones a distribuidor<\/option><option value=\"Programa Maestros Ducasse\">Programa Maestros Ducasse<\/option><\/select><\/span>\n<\/p>\n<p><span class=\"wpcf7-form-control-wrap\" data-name=\"nombre\"><input size=\"40\" maxlength=\"400\" class=\"wpcf7-form-control wpcf7-text nombre\" id=\"nombre\" aria-invalid=\"false\" placeholder=\"Nombre y Apellido *\" value=\"\" type=\"text\" name=\"nombre\" \/><\/span><br \/>\n<span class=\"wpcf7-form-control-wrap\" data-name=\"email\"><input size=\"40\" maxlength=\"400\" class=\"wpcf7-form-control wpcf7-email wpcf7-text wpcf7-validates-as-email email\" id=\"email\" aria-invalid=\"false\" placeholder=\"E-mail*\" value=\"\" type=\"email\" name=\"email\" \/><\/span><br \/>\n<span class=\"wpcf7-form-control-wrap\" data-name=\"telefono\"><input size=\"40\" maxlength=\"400\" class=\"wpcf7-form-control wpcf7-tel wpcf7-text wpcf7-validates-as-tel telefono\" id=\"telefono\" aria-invalid=\"false\" placeholder=\"Tel\u00e9fono*\" value=\"\" type=\"tel\" name=\"telefono\" \/><\/span><br \/>\n<span class=\"wpcf7-form-control-wrap\" data-name=\"empresa\"><input size=\"40\" maxlength=\"400\" class=\"wpcf7-form-control wpcf7-text empresa\" id=\"empresa\" aria-invalid=\"false\" placeholder=\"Empresa\" value=\"\" type=\"text\" name=\"empresa\" \/><\/span><br \/>\n<span class=\"wpcf7-form-control-wrap\" data-name=\"cargo\"><input size=\"40\" maxlength=\"400\" class=\"wpcf7-form-control wpcf7-text cargo\" id=\"cargo\" aria-invalid=\"false\" placeholder=\"Cargo\" value=\"\" type=\"text\" name=\"cargo\" \/><\/span><br \/>\n<span class=\"wpcf7-form-control-wrap\" data-name=\"mensaje\"><textarea cols=\"40\" rows=\"10\" maxlength=\"2000\" class=\"wpcf7-form-control wpcf7-textarea mensaje\" id=\"mensaje\" aria-invalid=\"false\" placeholder=\"Mensaje*\" name=\"mensaje\"><\/textarea><\/span>\n<\/p>\n<p><input class=\"wpcf7-form-control wpcf7-submit has-spinner\" type=\"submit\" value=\"Enviar\" \/>\n<\/p><div class=\"wpcf7-response-output\" aria-hidden=\"true\"><\/div>\n<\/form>\n<\/div>\n\n<p>contacto ventas seg\u00fan regi\u00f3n<\/p>\n<p><a href=\"\">ARICA Y PARANICOTA<\/a><\/p>\n<p><strong>SAMUEL MONDACA<br \/>\n<\/strong>smondaca@ducasseindustrial.cl<br \/>\nTel: +56 9 3943168<\/p>\n<p><a href=\"\">TARAPAC\u00c1<\/a><\/p>\n<p><strong>SAMUEL MONDACA<br \/>\n<\/strong>smondaca@ducasseindustrial.cl<br \/>\nTel: +56 9 39431681<\/p>\n<p><a href=\"\">ANTOFAGASTA<\/a><\/p>\n<p><strong>SAMUEL MONDACA<br \/>\n<\/strong>smondaca@ducasseindustrial.cl<br \/>\nTel: +56 9 39431681<\/p>\n<p><a href=\"\">ATACAMA<\/a><\/p>\n<p><strong>Vanessa C\u00e1ceres<\/strong><br \/>\nvcaceres@ducasseindustrial.cl<br \/>\nTel: +56 9 93498041<\/p>\n<p><a href=\"\">COQUIMBO<\/a><\/p>\n<p>Vanessa C\u00e1ceres<br \/>\nvcaceres@ducasseindustrial.cl<br \/>\nTel: +56 9 93498041<\/p>\n<p><a href=\"\">VALPARA\u00cdSO<\/a><\/p>\n<p><strong>DANIEL OSORIO<\/strong><br \/>\ndosorio@ducasseindustrial.cl<br \/>\nTel: +56 9 39431683<\/p>\n<p><a href=\"\">METROPOLITANA<\/a><\/p>\n<p>VENTAS RM&nbsp;<br \/>\ninfo@ducasseindustrial.cl<br \/>\nTel: +56 2 24773220<\/p>\n<p><a href=\"\"> O&#8217;Higgins<\/a><\/p>\n<p><strong>PABLO WATKINS<\/strong><br \/>\npwatkins@ducasseindustrial.cl<br \/>\nTel: +56939431687<\/p>\n<p><a href=\"\"> Maule<\/a><\/p>\n<p><strong>PABLO WATKINS<br \/>\n<\/strong>pwatkins@ducasseindustrial.cl<br \/>\nTel: +56939431687<\/p>\n<p><a href=\"\">Del Bio B\u00edo<\/a><\/p>\n<p><strong>MAURICIO LLANCALEO<br \/>\n<\/strong> mllancaleo@ducasseindustrial.cl<br \/>\nTel: +56 9 39431679<\/p>\n<p><a href=\"\">La Araucan\u00eda<\/a><\/p>\n<p><strong>MAURICIO LLANCALEO<br \/>\n<\/strong> mllancaleo@ducasseindustrial.cl<br \/>\nTel: +56 9 39431679<\/p>\n<p><a href=\"\"> Los R\u00edos<\/a><\/p>\n<p><strong>MAURICIO LLANCALEO<br \/>\n<\/strong> mllancaleo@ducasseindustrial.cl<br \/>\nTel: +56 9 39431679<\/p>\n<p><a href=\"\"> Los Lagos<\/a><\/p>\n<p><strong>MAURICIO LLANCALEO<br \/>\n<\/strong> mllancaleo@ducasseindustrial.cl<br \/>\nTel: +56 9 39431679<\/p>\n<p><a href=\"\"> Ays\u00e9n<\/a><\/p>\n<p><strong>DANIEL OSORIO<br \/>\n<\/strong>dosorio@ducasseindustrial.cl<br \/>\nTel: +56 9 39431683<\/p>\n<p><a href=\"\"> Magallanes <\/a><\/p>\n<p><strong>DANIEL OSORIO<br \/>\n<\/strong>dosorio@ducasseindustrial.cl<br \/>\nTel: +56 9 39431683<\/p>\n<p>D\u00c9JANOS TU CONSULTA:<\/p>\n\n<div class=\"wpcf7 no-js\" id=\"wpcf7-f2783-o2\" lang=\"es-CL\" dir=\"ltr\" data-wpcf7-id=\"2783\">\n<div class=\"screen-reader-response\"><p role=\"status\" aria-live=\"polite\" aria-atomic=\"true\"><\/p> <ul><\/ul><\/div>\n<form action=\"\/testcl\/wp-json\/wp\/v2\/pages\/646#wpcf7-f2783-o2\" method=\"post\" class=\"wpcf7-form init\" aria-label=\"Formulario de contacto\" novalidate=\"novalidate\" data-status=\"init\">\n<fieldset class=\"hidden-fields-container\"><input type=\"hidden\" name=\"_wpcf7\" value=\"2783\" \/><input type=\"hidden\" name=\"_wpcf7_version\" value=\"6.1.3\" \/><input type=\"hidden\" name=\"_wpcf7_locale\" value=\"es_CL\" \/><input type=\"hidden\" name=\"_wpcf7_unit_tag\" value=\"wpcf7-f2783-o2\" \/><input type=\"hidden\" name=\"_wpcf7_container_post\" value=\"0\" \/><input type=\"hidden\" name=\"_wpcf7_posted_data_hash\" value=\"\" \/><input type=\"hidden\" name=\"_wpcf7cf_hidden_group_fields\" value=\"[]\" \/><input type=\"hidden\" name=\"_wpcf7cf_hidden_groups\" value=\"[]\" \/><input type=\"hidden\" name=\"_wpcf7cf_visible_groups\" value=\"[]\" \/><input type=\"hidden\" name=\"_wpcf7cf_repeaters\" value=\"[]\" \/><input type=\"hidden\" name=\"_wpcf7cf_steps\" value=\"{}\" \/><input type=\"hidden\" name=\"_wpcf7cf_options\" value=\"{&quot;form_id&quot;:2783,&quot;conditions&quot;:[{&quot;then_field&quot;:&quot;-1&quot;,&quot;and_rules&quot;:[{&quot;if_field&quot;:&quot;-1&quot;,&quot;operator&quot;:&quot;equals&quot;,&quot;if_value&quot;:&quot;&quot;}]}],&quot;settings&quot;:{&quot;animation&quot;:&quot;yes&quot;,&quot;animation_intime&quot;:200,&quot;animation_outtime&quot;:200,&quot;conditions_ui&quot;:&quot;normal&quot;,&quot;notice_dismissed&quot;:false}}\" \/><input type=\"hidden\" name=\"_wpcf7_recaptcha_response\" value=\"\" \/>\n<\/fieldset>\n<p><span class=\"wpcf7-form-control-wrap\" data-name=\"area\"><select class=\"wpcf7-form-control wpcf7-select wpcf7-validates-as-required area\" aria-required=\"true\" aria-invalid=\"false\" name=\"area\"><option value=\"--Seleccione un \u00e1rea de contacto\">--Seleccione un \u00e1rea de contacto<\/option><option value=\"Ventas Centroam\u00e9rica\">Ventas Centroam\u00e9rica<\/option><option value=\"Ventas Chile\">Ventas Chile<\/option><option value=\"Servicio al Cliente\">Servicio al Cliente<\/option><option value=\"Cl\u00f3set y Muebles (L\u00ednea Mobile)\">Cl\u00f3set y Muebles (L\u00ednea Mobile)<\/option><option value=\"Arquitectura (L\u00ednea Segmenta)\">Arquitectura (L\u00ednea Segmenta)<\/option><option value=\"Portones (L\u00ednea Heavy Duty)\">Portones (L\u00ednea Heavy Duty)<\/option><option value=\"Ventanas (L\u00ednea Vento)\">Ventanas (L\u00ednea Vento)<\/option><option value=\"Organizaci\u00f3n (L\u00ednea Organiza)\">Organizaci\u00f3n (L\u00ednea Organiza)<\/option><option value=\"Marketing\">Marketing<\/option><option value=\"Trabaja con nosotros\">Trabaja con nosotros<\/option><option value=\"Cobranza\">Cobranza<\/option><option value=\"Capacitaciones a distribuidor\">Capacitaciones a distribuidor<\/option><option value=\"Programa Maestros Ducasse\">Programa Maestros Ducasse<\/option><\/select><\/span>\n<\/p>\n<p><span class=\"wpcf7-form-control-wrap\" data-name=\"nombre\"><input size=\"40\" maxlength=\"400\" class=\"wpcf7-form-control wpcf7-text nombre\" aria-invalid=\"false\" placeholder=\"Nombre y Apellido *\" value=\"\" type=\"text\" name=\"nombre\" \/><\/span><br \/>\n<span class=\"wpcf7-form-control-wrap\" data-name=\"email\"><input size=\"40\" maxlength=\"400\" class=\"wpcf7-form-control wpcf7-email wpcf7-text wpcf7-validates-as-email email\" aria-invalid=\"false\" placeholder=\"E-mail*\" value=\"\" type=\"email\" name=\"email\" \/><\/span><br \/>\n<span class=\"wpcf7-form-control-wrap\" data-name=\"telefono\"><input size=\"40\" maxlength=\"400\" class=\"wpcf7-form-control wpcf7-tel wpcf7-text wpcf7-validates-as-tel telefono\" aria-invalid=\"false\" placeholder=\"Tel\u00e9fono*\" value=\"\" type=\"tel\" name=\"telefono\" \/><\/span><br \/>\n<span class=\"wpcf7-form-control-wrap\" data-name=\"empresa\"><input size=\"40\" maxlength=\"400\" class=\"wpcf7-form-control wpcf7-text empresa\" aria-invalid=\"false\" placeholder=\"Empresa\" value=\"\" type=\"text\" name=\"empresa\" \/><\/span><br \/>\n<span class=\"wpcf7-form-control-wrap\" data-name=\"cargo\"><input size=\"40\" maxlength=\"400\" class=\"wpcf7-form-control wpcf7-text cargo\" aria-invalid=\"false\" placeholder=\"Cargo\" value=\"\" type=\"text\" name=\"cargo\" \/><\/span><br \/>\n<span class=\"wpcf7-form-control-wrap\" data-name=\"mensaje\"><textarea cols=\"40\" rows=\"10\" maxlength=\"2000\" class=\"wpcf7-form-control wpcf7-textarea mensaje\" aria-invalid=\"false\" placeholder=\"Mensaje*\" name=\"mensaje\"><\/textarea><\/span>\n<\/p>\n<p><input class=\"wpcf7-form-control wpcf7-submit has-spinner\" type=\"submit\" value=\"Enviar\" \/>\n<\/p><div class=\"wpcf7-response-output\" aria-hidden=\"true\"><\/div>\n<\/form>\n<\/div>\n\n<p>contacto ventas seg\u00fan regi\u00f3n<\/p>\n<p><a href=\"\">ARICA Y PARANICOTA<\/a><\/p>\n<p><strong>SAMUEL MONDACA<br \/>\n<\/strong>smondaca@ducasseindustrial.cl<br \/>\nTel: +56 9 3943168<\/p>\n<p><a href=\"\">TARAPAC\u00c1<\/a><\/p>\n<p><strong>SAMUEL MONDACA<br \/>\n<\/strong>smondaca@ducasseindustrial.cl<br \/>\nTel: +56 9 39431681<\/p>\n<p><a href=\"\">ANTOFAGASTA<\/a><\/p>\n<p><strong>SAMUEL MONDACA<br \/>\n<\/strong>smondaca@ducasseindustrial.cl<br \/>\nTel: +56 9 39431681<\/p>\n<p><a href=\"\">ATACAMA<\/a><\/p>\n<p><strong>Vanessa C\u00e1ceres<\/strong><br \/>\nvcaceres@ducasseindustrial.cl<br \/>\nTel: +56 9 93498041<\/p>\n<p><a href=\"\">COQUIMBO<\/a><\/p>\n<p>Vanessa C\u00e1ceres<br \/>\nvcaceres@ducasseindustrial.cl<br \/>\nTel: +56 9 93498041<\/p>\n<p><a href=\"\">VALPARA\u00cdSO<\/a><\/p>\n<p><strong>DANIEL OSORIO<\/strong><br \/>\ndosorio@ducasseindustrial.cl<br \/>\nTel: +56 9 39431683<\/p>\n<p><a href=\"\">METROPOLITANA<\/a><\/p>\n<p>VENTAS RM&nbsp;<br \/>\ninfo@ducasseindustrial.cl<br \/>\nTel: +56 2 24773220<\/p>\n<p><a href=\"\"> O&#8217;Higgins<\/a><\/p>\n<p><strong>PABLO WATKINS<\/strong><br \/>\npwatkins@ducasseindustrial.cl<br \/>\nTel: +56 9 98010175<\/p>\n<p><a href=\"\"> Maule<\/a><\/p>\n<p><strong>PABLO WATKINS<br \/>\n<\/strong>pwatkins@ducasseindustrial.cl<br \/>\nTel: +56 9 98010175<\/p>\n<p><a href=\"\">Del Bio B\u00edo<\/a><\/p>\n<p><strong>MAURICIO LLANCALEO<br \/>\n<\/strong> mllancaleo@ducasseindustrial.cl<br \/>\nTel: +56 9 39431679<\/p>\n<p><a href=\"\">La Araucan\u00eda<\/a><\/p>\n<p><strong>MAURICIO LLANCALEO<br \/>\n<\/strong> mllancaleo@ducasseindustrial.cl<br \/>\nTel: +56 9 39431679<\/p>\n<p><a href=\"\"> Los R\u00edos<\/a><\/p>\n<p><strong>MAURICIO LLANCALEO<br \/>\n<\/strong> mllancaleo@ducasseindustrial.cl<br \/>\nTel: +56 9 39431679<\/p>\n<p><a href=\"\"> Los Lagos<\/a><\/p>\n<p><strong>MAURICIO LLANCALEO<br \/>\n<\/strong> mllancaleo@ducasseindustrial.cl<br \/>\nTel: +56 9 39431679<\/p>\n<p><a href=\"\"> Ays\u00e9n<\/a><\/p>\n<p><strong>DANIEL OSORIO<br \/>\n<\/strong>dosorio@ducasseindustrial.cl<br \/>\nTel: +56 9 39431683<\/p>\n<p><a href=\"\"> Magallanes <\/a><\/p>\n<p><strong>DANIEL OSORIO<br \/>\n<\/strong>dosorio@ducasseindustrial.cl<br \/>\nTel: +56 9 39431683<\/p>\n<h2>NUESTRAS OFICINAS<\/h2>\n<p><img loading=\"lazy\" decoding=\"async\" width=\"400\" height=\"400\" src=\"https:\/\/ducasseindustrial.com\/testcl\/wp-content\/uploads\/sites\/27\/2020\/08\/Ducasse-Chile.jpg\" alt=\"\" loading=\"lazy\"><\/p>\n<p><strong>CHILE<\/strong><\/p>\n<hr>\n<p>Nueva Las Industrias 201, Quilicura -Santiago.<br \/>\nFono: (56 2) 2477 3220<br \/>\ninfo@ducasseindustrial.cl<\/p>\n<p><a href=\"https:\/\/www.facebook.com\/DucasseInd\/\" target=\"_blank\" rel=\"noopener noreferrer\"><br \/>\nFacebook<br \/>\n<\/a><br \/>\n<a href=\"https:\/\/www.instagram.com\/ducasseindustrial\/\" target=\"_blank\" rel=\"noopener noreferrer\"><br \/>\nInstagram<br \/>\n<\/a><br \/>\n<a href=\"https:\/\/www.pinterest.cl\/ducasseindustrial\/\" target=\"_blank\" rel=\"noopener noreferrer\"><br \/>\nPinterest<br \/>\n<\/a><br \/>\n<a href=\"https:\/\/vimeo.com\/user13003628\" target=\"_blank\" rel=\"noopener noreferrer\"><br \/>\nVimeo<br \/>\n<\/a><br \/>\n<a href=\"https:\/\/www.youtube.com\/user\/DucasseIndustrial\" target=\"_blank\" rel=\"noopener noreferrer\"><br \/>\nYoutube<br \/>\n<\/a><br \/>\n<img loading=\"lazy\" decoding=\"async\" width=\"400\" height=\"400\" src=\"https:\/\/ducasseindustrial.com\/testcl\/wp-content\/uploads\/sites\/27\/2020\/08\/Ducasse-Argentina3.jpg\" alt=\"\" loading=\"lazy\"><\/p>\n<p><strong>ARGENTINA<\/strong><\/p>\n<hr>\n<p>Av. L\u00e1prida 4755, Villa Martelli Vicente L\u00f3pez &#8211;&nbsp;<br \/>\nBuenos Aires.<br \/>\nFono: (54 11) 4709 9699<br \/>\ninfo@ducasse.com.ar<\/p>\n<p><a href=\"https:\/\/www.facebook.com\/ducasseargentina\" target=\"_blank\" rel=\"noopener noreferrer\"><br \/>\nFacebook<br \/>\n<\/a><br \/>\n<a href=\"https:\/\/www.instagram.com\/ducasse.arq\/\" target=\"_blank\" rel=\"noopener noreferrer\"><br \/>\nInstagram<br \/>\n<\/a><br \/>\n<a href=\"https:\/\/www.pinterest.cl\/ducasseindustrial\/\" target=\"_blank\" rel=\"noopener noreferrer\"><br \/>\nPinterest<br \/>\n<\/a><br \/>\n<a href=\"https:\/\/vimeo.com\/user13003628\" target=\"_blank\" rel=\"noopener noreferrer\"><br \/>\nVimeo<br \/>\n<\/a><br \/>\n<a href=\"https:\/\/www.youtube.com\/user\/DucasseIndustrial\" target=\"_blank\" rel=\"noopener noreferrer\"><br \/>\nYoutube<br \/>\n<\/a><br \/>\n<img loading=\"lazy\" decoding=\"async\" width=\"400\" height=\"400\" src=\"https:\/\/ducasseindustrial.com\/testcl\/wp-content\/uploads\/sites\/27\/2020\/08\/Ducasse-Brasil.jpg\" alt=\"\" loading=\"lazy\"><\/p>\n<p><strong>BRASIL<\/strong><\/p>\n<hr>\n<p>Rua S\u00e9rgio Jungblut Dieterich, 710\/14 &#8211; Bairro S\u00e3o Jo\u00e3o &#8211; Porto Alegre &#8211; Rio Grande Do Sul<br \/>\nFono: (55) 51 2123 8711<br \/>\ninfo@ducasse.com.br<\/p>\n<p><a href=\"https:\/\/www.facebook.com\/DucasseBR\" target=\"_blank\" rel=\"noopener noreferrer\"><br \/>\nFacebook<br \/>\n<\/a><br \/>\n<a href=\"https:\/\/www.instagram.com\/ducasseindustrialbrasil\/e.arq\/\" target=\"_blank\" rel=\"noopener noreferrer\"><br \/>\nInstagram<br \/>\n<\/a><br \/>\n<a href=\"https:\/\/www.pinterest.cl\/ducasseindustrial\/\" target=\"_blank\" rel=\"noopener noreferrer\"><br \/>\nPinterest<br \/>\n<\/a><br \/>\n<a href=\"https:\/\/vimeo.com\/user13003628\" target=\"_blank\" rel=\"noopener noreferrer\"><br \/>\nVimeo<br \/>\n<\/a><br \/>\n<a href=\"https:\/\/www.youtube.com\/user\/DucasseIndustrial\" target=\"_blank\" rel=\"noopener noreferrer\"><br \/>\nYoutube<br \/>\n<\/a><br \/>\n<img decoding=\"async\" src=\"https:\/\/ducasseindustrial.com\/testcl\/wp-content\/uploads\/sites\/27\/elementor\/thumbs\/DUCASSE-4_baja-owmzgzwutnwfqjxkmcnfkt5d35it0mg2li0r8c344g.jpg\" title=\"DUCASSE 4_baja\" alt=\"DUCASSE 4_baja\"><\/p>\n<p><strong>M\u00c9XICO<\/strong><\/p>\n<hr>\n<p>Av. Michoac\u00e1n Nro. 20 Nave 9-A Col. Renovaci\u00f3n Alcald\u00eda Iztapalapa C.P. 09209 &#8211; CDMX<br \/>\nFono:&nbsp;(52) (55) 5716 8630<br \/>\ninfo@ducasseindustrial.com\/testcl.mx<\/p>\n<p><a href=\"https:\/\/www.facebook.com\/ducasse.aztecamx\/\" target=\"_blank\" rel=\"noopener noreferrer\"><br \/>\nFacebook<br \/>\n<\/a><br \/>\n<a href=\"https:\/\/www.instagram.com\/ducasseindustrial_mx\/\" target=\"_blank\" rel=\"noopener noreferrer\"><br \/>\nInstagram<br \/>\n<\/a><br \/>\n<a href=\"https:\/\/www.pinterest.cl\/ducasseindustrial\/\" target=\"_blank\" rel=\"noopener noreferrer\"><br \/>\nPinterest<br \/>\n<\/a><br \/>\n<a href=\"https:\/\/vimeo.com\/user13003628\" target=\"_blank\" rel=\"noopener noreferrer\"><br \/>\nVimeo<br \/>\n<\/a><br \/>\n<a href=\"https:\/\/www.youtube.com\/user\/DucasseIndustrial\" target=\"_blank\" rel=\"noopener noreferrer\"><br \/>\nYoutube<br \/>\n<\/a><br \/>\n<img loading=\"lazy\" decoding=\"async\" width=\"400\" height=\"400\" src=\"https:\/\/ducasseindustrial.com\/testcl\/wp-content\/uploads\/sites\/27\/2020\/08\/Ducasse-Peru.jpg\" alt=\"\" loading=\"lazy\"><\/p>\n<p><strong>PER\u00da<\/strong><\/p>\n<hr>\n<p>Cal. Luis Carranza Nro. 1921 Urb. Industrial Conde &#8211; Lima<br \/>\nFono: (51) 9431 94524<br \/>\ninfo@ducasseindustrial.com\/testcl.pe<\/p>\n<p><a href=\"https:\/\/www.facebook.com\/DucasseInd\/\" target=\"_blank\" rel=\"noopener noreferrer\"><br \/>\nFacebook<br \/>\n<\/a><br \/>\n<a href=\"https:\/\/www.instagram.com\/ducasseindustrial\/\" target=\"_blank\" rel=\"noopener noreferrer\"><br \/>\nInstagram<br \/>\n<\/a><br \/>\n<a href=\"https:\/\/www.pinterest.cl\/ducasseindustrial\/\" target=\"_blank\" rel=\"noopener noreferrer\"><br \/>\nPinterest<br \/>\n<\/a><br \/>\n<a href=\"https:\/\/vimeo.com\/user13003628\" target=\"_blank\" rel=\"noopener noreferrer\"><br \/>\nVimeo<br \/>\n<\/a><br \/>\n<a href=\"https:\/\/www.youtube.com\/user\/DucasseIndustrial\" target=\"_blank\" rel=\"noopener noreferrer\"><br \/>\nYoutube<br \/>\n<\/a><br \/>\n<img loading=\"lazy\" decoding=\"async\" width=\"400\" height=\"400\" src=\"https:\/\/ducasseindustrial.com\/testcl\/wp-content\/uploads\/sites\/27\/2020\/08\/Ducasse-Colombia-SAS.jpg\" alt=\"\" loading=\"lazy\"><\/p>\n<p><strong>COLOMBIA<\/strong><\/p>\n<hr>\n<p>Autopista Medell\u00edn Km. 3.5 Via Siberia, Bodega 38, M\u00f3dulo 4, Centro Empresarial Metropolitano &#8211; Cota.<br \/>\nFono: (+571) 8787665<br \/>\ninfo@ducasseindustrial.com\/testcl.co<\/p>\n<p><a href=\"https:\/\/www.facebook.com\/DucasseInd\/\" target=\"_blank\" rel=\"noopener noreferrer\"><br \/>\nFacebook<br \/>\n<\/a><br \/>\n<a href=\"https:\/\/www.instagram.com\/ducasseindustrial\/\" target=\"_blank\" rel=\"noopener noreferrer\"><br \/>\nInstagram<br \/>\n<\/a><br \/>\n<a href=\"https:\/\/www.pinterest.cl\/ducasseindustrial\/\" target=\"_blank\" rel=\"noopener noreferrer\"><br \/>\nPinterest<br \/>\n<\/a><br \/>\n<a href=\"https:\/\/vimeo.com\/user13003628\" target=\"_blank\" rel=\"noopener noreferrer\"><br \/>\nVimeo<br \/>\n<\/a><br \/>\n<a href=\"https:\/\/www.youtube.com\/user\/DucasseIndustrial\" target=\"_blank\" rel=\"noopener noreferrer\"><br \/>\nYoutube<br \/>\n<\/a><\/p>\n","protected":false},"excerpt":{"rendered":"<p>QUEREMOS AYUDARTE&#8230; CONT\u00c1CTANOS D\u00c9JANOS TU CONSULTA: contacto ventas seg\u00fan regi\u00f3n ARICA Y PARANICOTA SAMUEL MONDACA smondaca@ducasseindustrial.cl Tel: +56 9 3943168 TARAPAC\u00c1 SAMUEL MONDACA smondaca@ducasseindustrial.cl Tel: +56 9 39431681 ANTOFAGASTA SAMUEL MONDACA smondaca@ducasseindustrial.cl Tel: +56 9 39431681 ATACAMA Vanessa C\u00e1ceres vcaceres@ducasseindustrial.cl Tel: +56 9 93498041 COQUIMBO Vanessa C\u00e1ceres vcaceres@ducasseindustrial.cl Tel: +56 9 93498041 VALPARA\u00cdSO DANIEL OSORIO [&hellip;]<\/p>\n","protected":false},"author":1,"featured_media":0,"parent":0,"menu_order":0,"comment_status":"closed","ping_status":"closed","template":"","meta":{"_uag_custom_page_level_css":"","site-sidebar-layout":"no-sidebar","site-content-layout":"page-builder","ast-site-content-layout":"default","site-content-style":"default","site-sidebar-style":"default","ast-global-header-display":"","ast-banner-title-visibility":"","ast-main-header-display":"","ast-hfb-above-header-display":"","ast-hfb-below-header-display":"","ast-hfb-mobile-header-display":"","site-post-title":"disabled","ast-breadcrumbs-content":"","ast-featured-img":"disabled","footer-sml-layout":"","theme-transparent-header-meta":"default","adv-header-id-meta":"","stick-header-meta":"default","header-above-stick-meta":"","header-main-stick-meta":"","header-below-stick-meta":"","astra-migrate-meta-layouts":"default","ast-page-background-enabled":"default","ast-page-background-meta":{"desktop":{"background-color":"var(--ast-global-color-4)","background-image":"","background-repeat":"repeat","background-position":"center center","background-size":"auto","background-attachment":"scroll","background-type":"","background-media":"","overlay-type":"","overlay-color":"","overlay-opacity":"","overlay-gradient":""},"tablet":{"background-color":"","background-image":"","background-repeat":"repeat","background-position":"center center","background-size":"auto","background-attachment":"scroll","background-type":"","background-media":"","overlay-type":"","overlay-color":"","overlay-opacity":"","overlay-gradient":""},"mobile":{"background-color":"","background-image":"","background-repeat":"repeat","background-position":"center center","background-size":"auto","background-attachment":"scroll","background-type":"","background-media":"","overlay-type":"","overlay-color":"","overlay-opacity":"","overlay-gradient":""}},"ast-content-background-meta":{"desktop":{"background-color":"var(--ast-global-color-5)","background-image":"","background-repeat":"repeat","background-position":"center center","background-size":"auto","background-attachment":"scroll","background-type":"","background-media":"","overlay-type":"","overlay-color":"","overlay-opacity":"","overlay-gradient":""},"tablet":{"background-color":"var(--ast-global-color-5)","background-image":"","background-repeat":"repeat","background-position":"center center","background-size":"auto","background-attachment":"scroll","background-type":"","background-media":"","overlay-type":"","overlay-color":"","overlay-opacity":"","overlay-gradient":""},"mobile":{"background-color":"var(--ast-global-color-5)","background-image":"","background-repeat":"repeat","background-position":"center center","background-size":"auto","background-attachment":"scroll","background-type":"","background-media":"","overlay-type":"","overlay-color":"","overlay-opacity":"","overlay-gradient":""}},"_vp_format_video_url":"","_vp_image_focal_point":[],"footnotes":""},"class_list":["post-646","page","type-page","status-publish","hentry"],"aioseo_notices":[],"uagb_featured_image_src":{"full":false,"thumbnail":false,"medium":false,"medium_large":false,"large":false,"1536x1536":false,"2048x2048":false,"vp_sm":false,"vp_md":false,"vp_lg":false,"vp_xl":false,"vp_sm_popup":false,"vp_md_popup":false,"vp_xl_popup":false,"woocommerce_thumbnail":false,"woocommerce_single":false,"woocommerce_gallery_thumbnail":false,"variation_swatches_image_size":false,"variation_swatches_tooltip_size":false},"uagb_author_info":{"display_name":"user","author_link":"https:\/\/ducasseindustrial.com\/testcl\/archivo\/author\/user"},"uagb_comment_info":0,"uagb_excerpt":"QUEREMOS AYUDARTE&#8230; CONT\u00c1CTANOS D\u00c9JANOS TU CONSULTA: contacto ventas seg\u00fan regi\u00f3n ARICA Y PARANICOTA SAMUEL MONDACA smondaca@ducasseindustrial.cl Tel: +56 9 3943168 TARAPAC\u00c1 SAMUEL MONDACA smondaca@ducasseindustrial.cl Tel: +56 9 39431681 ANTOFAGASTA SAMUEL MONDACA smondaca@ducasseindustrial.cl Tel: +56 9 39431681 ATACAMA Vanessa C\u00e1ceres vcaceres@ducasseindustrial.cl Tel: +56 9 93498041 COQUIMBO Vanessa C\u00e1ceres vcaceres@ducasseindustrial.cl Tel: +56 9 93498041 VALPARA\u00cdSO DANIEL OSORIO&hellip;","_links":{"self":[{"href":"https:\/\/ducasseindustrial.com\/testcl\/wp-json\/wp\/v2\/pages\/646","targetHints":{"allow":["GET"]}}],"collection":[{"href":"https:\/\/ducasseindustrial.com\/testcl\/wp-json\/wp\/v2\/pages"}],"about":[{"href":"https:\/\/ducasseindustrial.com\/testcl\/wp-json\/wp\/v2\/types\/page"}],"author":[{"embeddable":true,"href":"https:\/\/ducasseindustrial.com\/testcl\/wp-json\/wp\/v2\/users\/1"}],"replies":[{"embeddable":true,"href":"https:\/\/ducasseindustrial.com\/testcl\/wp-json\/wp\/v2\/comments?post=646"}],"version-history":[{"count":122,"href":"https:\/\/ducasseindustrial.com\/testcl\/wp-json\/wp\/v2\/pages\/646\/revisions"}],"predecessor-version":[{"id":20997,"href":"https:\/\/ducasseindustrial.com\/testcl\/wp-json\/wp\/v2\/pages\/646\/revisions\/20997"}],"wp:attachment":[{"href":"https:\/\/ducasseindustrial.com\/testcl\/wp-json\/wp\/v2\/media?parent=646"}],"curies":[{"name":"wp","href":"https:\/\/api.w.org\/{rel}","templated":true}]}}