{"id":10123,"date":"2021-01-06T00:22:51","date_gmt":"2021-01-06T04:22:51","guid":{"rendered":"https:\/\/ducasseindustrial.com\/testcl\/producto\/repisa-nube"},"modified":"2021-09-07T17:39:38","modified_gmt":"2021-09-07T21:39:38","slug":"repisa-nube","status":"publish","type":"product","link":"https:\/\/ducasseindustrial.com\/testcl\/producto\/repisa-nube","title":{"rendered":"REPISA NUBE"},"content":{"rendered":"<p>Repisa decorativa en forma de nube para espacios infantiles fabricada en acero de 1,2mm de espesor, revestido en pintura no t\u00f3xica color blanco brillante. Incluye fijaciones para muro s\u00f3lido y ligero. Incluye im\u00e1n decorativo.<\/p>\n<p>&nbsp;<\/p>\n","protected":false},"excerpt":{"rendered":"<p>Repisa decorativa en forma de nube para espacios infantiles fabricada en acero de 1,2mm de espesor, revestido en pintura no t\u00f3xica color blanco brillante. Incluye fijaciones para muro s\u00f3lido y ligero. Incluye im\u00e1n decorativo. &nbsp;<\/p>\n","protected":false},"featured_media":1915,"comment_status":"closed","ping_status":"closed","template":"","meta":{"_uag_custom_page_level_css":"","site-sidebar-layout":"default","site-content-layout":"default","ast-site-content-layout":"default","site-content-style":"default","site-sidebar-style":"default","ast-global-header-display":"","ast-banner-title-visibility":"","ast-main-header-display":"","ast-hfb-above-header-display":"","ast-hfb-below-header-display":"","ast-hfb-mobile-header-display":"","site-post-title":"","ast-breadcrumbs-content":"","ast-featured-img":"","footer-sml-layout":"","theme-transparent-header-meta":"default","adv-header-id-meta":"","stick-header-meta":"default","header-above-stick-meta":"","header-main-stick-meta":"","header-below-stick-meta":"","astra-migrate-meta-layouts":"default","ast-page-background-enabled":"default","ast-page-background-meta":{"desktop":{"background-color":"var(--ast-global-color-4)","background-image":"","background-repeat":"repeat","background-position":"center center","background-size":"auto","background-attachment":"scroll","background-type":"","background-media":"","overlay-type":"","overlay-color":"","overlay-opacity":"","overlay-gradient":""},"tablet":{"background-color":"","background-image":"","background-repeat":"repeat","background-position":"center center","background-size":"auto","background-attachment":"scroll","background-type":"","background-media":"","overlay-type":"","overlay-color":"","overlay-opacity":"","overlay-gradient":""},"mobile":{"background-color":"","background-image":"","background-repeat":"repeat","background-position":"center center","background-size":"auto","background-attachment":"scroll","background-type":"","background-media":"","overlay-type":"","overlay-color":"","overlay-opacity":"","overlay-gradient":""}},"ast-content-background-meta":{"desktop":{"background-color":"var(--ast-global-color-5)","background-image":"","background-repeat":"repeat","background-position":"center center","background-size":"auto","background-attachment":"scroll","background-type":"","background-media":"","overlay-type":"","overlay-color":"","overlay-opacity":"","overlay-gradient":""},"tablet":{"background-color":"var(--ast-global-color-5)","background-image":"","background-repeat":"repeat","background-position":"center center","background-size":"auto","background-attachment":"scroll","background-type":"","background-media":"","overlay-type":"","overlay-color":"","overlay-opacity":"","overlay-gradient":""},"mobile":{"background-color":"var(--ast-global-color-5)","background-image":"","background-repeat":"repeat","background-position":"center center","background-size":"auto","background-attachment":"scroll","background-type":"","background-media":"","overlay-type":"","overlay-color":"","overlay-opacity":"","overlay-gradient":""}},"_vp_format_video_url":"","_vp_image_focal_point":[]},"product_brand":[],"product_cat":[17,53,58],"product_tag":[86,85,88],"class_list":{"0":"post-10123","1":"product","2":"type-product","3":"status-publish","4":"has-post-thumbnail","6":"product_cat-productos","7":"product_cat-organizacion","8":"product_cat-mundo_infantil","9":"product_tag-decoracion-infantil","10":"product_tag-organizacion","11":"product_tag-repisas","12":"product_shipping_class-chilexpress","13":"desktop-align-left","14":"tablet-align-left","15":"mobile-align-left","16":"ast-product-gallery-layout-horizontal","17":"ast-product-single-variable","18":"ast-product-tabs-layout-horizontal","20":"first","21":"instock","22":"purchasable","23":"product-type-variable"},"aioseo_notices":[],"uagb_featured_image_src":{"full":["https:\/\/ducasseindustrial.com\/testcl\/wp-content\/uploads\/sites\/27\/2020\/08\/CL_10101244035_img_prod1_bl.jpg",1920,1080,false],"thumbnail":["https:\/\/ducasseindustrial.com\/testcl\/wp-content\/uploads\/sites\/27\/2020\/08\/CL_10101244035_img_prod1_bl-150x150.jpg",150,150,true],"medium":["https:\/\/ducasseindustrial.com\/testcl\/wp-content\/uploads\/sites\/27\/2020\/08\/CL_10101244035_img_prod1_bl-300x169.jpg",300,169,true],"medium_large":["https:\/\/ducasseindustrial.com\/testcl\/wp-content\/uploads\/sites\/27\/2020\/08\/CL_10101244035_img_prod1_bl-768x432.jpg",768,432,true],"large":["https:\/\/ducasseindustrial.com\/testcl\/wp-content\/uploads\/sites\/27\/2020\/08\/CL_10101244035_img_prod1_bl-1024x576.jpg",1024,576,true],"1536x1536":["https:\/\/ducasseindustrial.com\/testcl\/wp-content\/uploads\/sites\/27\/2020\/08\/CL_10101244035_img_prod1_bl-1536x864.jpg",1536,864,true],"2048x2048":["https:\/\/ducasseindustrial.com\/testcl\/wp-content\/uploads\/sites\/27\/2020\/08\/CL_10101244035_img_prod1_bl.jpg",1920,1080,false],"vp_sm":["https:\/\/ducasseindustrial.com\/testcl\/wp-content\/uploads\/sites\/27\/2020\/08\/CL_10101244035_img_prod1_bl.jpg",500,281,false],"vp_md":["https:\/\/ducasseindustrial.com\/testcl\/wp-content\/uploads\/sites\/27\/2020\/08\/CL_10101244035_img_prod1_bl.jpg",800,450,false],"vp_lg":["https:\/\/ducasseindustrial.com\/testcl\/wp-content\/uploads\/sites\/27\/2020\/08\/CL_10101244035_img_prod1_bl.jpg",1280,720,false],"vp_xl":["https:\/\/ducasseindustrial.com\/testcl\/wp-content\/uploads\/sites\/27\/2020\/08\/CL_10101244035_img_prod1_bl.jpg",1920,1080,false],"vp_sm_popup":["https:\/\/ducasseindustrial.com\/testcl\/wp-content\/uploads\/sites\/27\/2020\/08\/CL_10101244035_img_prod1_bl.jpg",500,281,false],"vp_md_popup":["https:\/\/ducasseindustrial.com\/testcl\/wp-content\/uploads\/sites\/27\/2020\/08\/CL_10101244035_img_prod1_bl.jpg",800,450,false],"vp_xl_popup":["https:\/\/ducasseindustrial.com\/testcl\/wp-content\/uploads\/sites\/27\/2020\/08\/CL_10101244035_img_prod1_bl.jpg",1920,1080,false],"woocommerce_thumbnail":["https:\/\/ducasseindustrial.com\/testcl\/wp-content\/uploads\/sites\/27\/2020\/08\/CL_10101244035_img_prod1_bl-300x300.jpg",300,300,true],"woocommerce_single":["https:\/\/ducasseindustrial.com\/testcl\/wp-content\/uploads\/sites\/27\/2020\/08\/CL_10101244035_img_prod1_bl-1024x576.jpg",1024,576,true],"woocommerce_gallery_thumbnail":["https:\/\/ducasseindustrial.com\/testcl\/wp-content\/uploads\/sites\/27\/2020\/08\/CL_10101244035_img_prod1_bl-100x100.jpg",100,100,true],"variation_swatches_image_size":["https:\/\/ducasseindustrial.com\/testcl\/wp-content\/uploads\/sites\/27\/2020\/08\/CL_10101244035_img_prod1_bl.jpg",50,28,false],"variation_swatches_tooltip_size":["https:\/\/ducasseindustrial.com\/testcl\/wp-content\/uploads\/sites\/27\/2020\/08\/CL_10101244035_img_prod1_bl.jpg",100,56,false]},"uagb_author_info":{"display_name":"user","author_link":"https:\/\/ducasseindustrial.com\/testcl\/archivo\/author"},"uagb_comment_info":0,"uagb_excerpt":"Repisa decorativa en forma de nube para espacios infantiles fabricada en acero de 1,2mm de espesor, revestido en pintura no t\u00f3xica color blanco brillante. Incluye fijaciones para muro s\u00f3lido y ligero. Incluye im\u00e1n decorativo. &nbsp;","_links":{"self":[{"href":"https:\/\/ducasseindustrial.com\/testcl\/wp-json\/wp\/v2\/product\/10123","targetHints":{"allow":["GET"]}}],"collection":[{"href":"https:\/\/ducasseindustrial.com\/testcl\/wp-json\/wp\/v2\/product"}],"about":[{"href":"https:\/\/ducasseindustrial.com\/testcl\/wp-json\/wp\/v2\/types\/product"}],"replies":[{"embeddable":true,"href":"https:\/\/ducasseindustrial.com\/testcl\/wp-json\/wp\/v2\/comments?post=10123"}],"version-history":[{"count":3,"href":"https:\/\/ducasseindustrial.com\/testcl\/wp-json\/wp\/v2\/product\/10123\/revisions"}],"predecessor-version":[{"id":16224,"href":"https:\/\/ducasseindustrial.com\/testcl\/wp-json\/wp\/v2\/product\/10123\/revisions\/16224"}],"wp:featuredmedia":[{"embeddable":true,"href":"https:\/\/ducasseindustrial.com\/testcl\/wp-json\/wp\/v2\/media\/1915"}],"wp:attachment":[{"href":"https:\/\/ducasseindustrial.com\/testcl\/wp-json\/wp\/v2\/media?parent=10123"}],"wp:term":[{"taxonomy":"product_brand","embeddable":true,"href":"https:\/\/ducasseindustrial.com\/testcl\/wp-json\/wp\/v2\/product_brand?post=10123"},{"taxonomy":"product_cat","embeddable":true,"href":"https:\/\/ducasseindustrial.com\/testcl\/wp-json\/wp\/v2\/product_cat?post=10123"},{"taxonomy":"product_tag","embeddable":true,"href":"https:\/\/ducasseindustrial.com\/testcl\/wp-json\/wp\/v2\/product_tag?post=10123"}],"curies":[{"name":"wp","href":"https:\/\/api.w.org\/{rel}","templated":true}]}}