{"id":21352,"date":"2021-09-20T11:13:04","date_gmt":"2021-09-20T15:13:04","guid":{"rendered":"https:\/\/ducasseindustrial.com\/testcl\/producto\/kit-repisa-vintage-multi"},"modified":"2021-09-20T15:27:18","modified_gmt":"2021-09-20T19:27:18","slug":"kit-repisa-vintage-multi","status":"publish","type":"product","link":"https:\/\/ducasseindustrial.com\/testcl\/producto\/kit-repisa-vintage-multi","title":{"rendered":"KIT REPISA VINTAGE MULTI"},"content":{"rendered":"<p>Dale un toque vintage a tu hogar u oficina con la Repisa Vintage Multi, marca Ducasse Industrial que har\u00e1 resaltar cualquiera de tus paredes y funciona a la perfecci\u00f3n para organizar tus objetos de una forma pr\u00e1ctica y decorativa a la vez. Fabricada en Chile y con 12 meses de garant\u00eda, posee un peso de 16,7 kg y una resistencia m\u00e1xima de 100 kg: Sus medidas de 100 cm de alto por 300 de largo y 20 de profundidad, la hacen ideal para lucir tus fotos familiares, figuras decorativas, libros o discos, entre otros objetos. Adem\u00e1s, son repisas escalables, lo que te permite crear configuraciones sin l\u00edmites al comprar kits vintage, soportes o repisas por separado. La Repisa Vintage Multi, color negro microtexturado est\u00e1 fabricada en acero con acabado texturado, un material resistente, durable y que se limpia sin dificultad. Adem\u00e1s, es f\u00e1cil de armar e instalar, Repisa Vintage Multi, cuenta con diez soportes para repisa, catorce bandejas met\u00e1licas y sus respectivas fijaciones.<\/p>\n<p>&nbsp;<\/p>\n","protected":false},"excerpt":{"rendered":"<p>Dale un toque vintage a tu hogar u oficina con la Repisa Vintage Multi, marca Ducasse Industrial que har\u00e1 resaltar cualquiera de tus paredes y funciona a la perfecci\u00f3n<\/p>\n","protected":false},"featured_media":21310,"comment_status":"closed","ping_status":"closed","template":"","meta":{"_uag_custom_page_level_css":"","site-sidebar-layout":"default","site-content-layout":"default","ast-site-content-layout":"default","site-content-style":"default","site-sidebar-style":"default","ast-global-header-display":"","ast-banner-title-visibility":"","ast-main-header-display":"","ast-hfb-above-header-display":"","ast-hfb-below-header-display":"","ast-hfb-mobile-header-display":"","site-post-title":"","ast-breadcrumbs-content":"","ast-featured-img":"","footer-sml-layout":"","theme-transparent-header-meta":"default","adv-header-id-meta":"","stick-header-meta":"default","header-above-stick-meta":"","header-main-stick-meta":"","header-below-stick-meta":"","astra-migrate-meta-layouts":"default","ast-page-background-enabled":"default","ast-page-background-meta":{"desktop":{"background-color":"var(--ast-global-color-4)","background-image":"","background-repeat":"repeat","background-position":"center center","background-size":"auto","background-attachment":"scroll","background-type":"","background-media":"","overlay-type":"","overlay-color":"","overlay-opacity":"","overlay-gradient":""},"tablet":{"background-color":"","background-image":"","background-repeat":"repeat","background-position":"center center","background-size":"auto","background-attachment":"scroll","background-type":"","background-media":"","overlay-type":"","overlay-color":"","overlay-opacity":"","overlay-gradient":""},"mobile":{"background-color":"","background-image":"","background-repeat":"repeat","background-position":"center center","background-size":"auto","background-attachment":"scroll","background-type":"","background-media":"","overlay-type":"","overlay-color":"","overlay-opacity":"","overlay-gradient":""}},"ast-content-background-meta":{"desktop":{"background-color":"var(--ast-global-color-5)","background-image":"","background-repeat":"repeat","background-position":"center center","background-size":"auto","background-attachment":"scroll","background-type":"","background-media":"","overlay-type":"","overlay-color":"","overlay-opacity":"","overlay-gradient":""},"tablet":{"background-color":"var(--ast-global-color-5)","background-image":"","background-repeat":"repeat","background-position":"center center","background-size":"auto","background-attachment":"scroll","background-type":"","background-media":"","overlay-type":"","overlay-color":"","overlay-opacity":"","overlay-gradient":""},"mobile":{"background-color":"var(--ast-global-color-5)","background-image":"","background-repeat":"repeat","background-position":"center center","background-size":"auto","background-attachment":"scroll","background-type":"","background-media":"","overlay-type":"","overlay-color":"","overlay-opacity":"","overlay-gradient":""}},"_vp_format_video_url":"","_vp_image_focal_point":[]},"product_brand":[],"product_cat":[17,53,87],"product_tag":[],"class_list":{"0":"post-21352","1":"product","2":"type-product","3":"status-publish","4":"has-post-thumbnail","6":"product_cat-productos","7":"product_cat-organizacion","8":"product_cat-sistema-modular","9":"desktop-align-left","10":"tablet-align-left","11":"mobile-align-left","12":"ast-product-gallery-layout-horizontal","13":"ast-product-tabs-layout-horizontal","15":"first","16":"instock","17":"sold-individually","18":"purchasable","19":"product-type-simple"},"aioseo_notices":[],"uagb_featured_image_src":{"full":["https:\/\/ducasseindustrial.com\/testcl\/wp-content\/uploads\/sites\/27\/2021\/09\/CL_10101249770_IMG_PROD1_BL-scaled.jpg",2560,2560,false],"thumbnail":["https:\/\/ducasseindustrial.com\/testcl\/wp-content\/uploads\/sites\/27\/2021\/09\/CL_10101249770_IMG_PROD1_BL-300x300.jpg",300,300,true],"medium":["https:\/\/ducasseindustrial.com\/testcl\/wp-content\/uploads\/sites\/27\/2021\/09\/CL_10101249770_IMG_PROD1_BL-600x600.jpg",600,600,true],"medium_large":["https:\/\/ducasseindustrial.com\/testcl\/wp-content\/uploads\/sites\/27\/2021\/09\/CL_10101249770_IMG_PROD1_BL-768x768.jpg",768,768,true],"large":["https:\/\/ducasseindustrial.com\/testcl\/wp-content\/uploads\/sites\/27\/2021\/09\/CL_10101249770_IMG_PROD1_BL-1024x1024.jpg",1024,1024,true],"1536x1536":["https:\/\/ducasseindustrial.com\/testcl\/wp-content\/uploads\/sites\/27\/2021\/09\/CL_10101249770_IMG_PROD1_BL-1536x1536.jpg",1536,1536,true],"2048x2048":["https:\/\/ducasseindustrial.com\/testcl\/wp-content\/uploads\/sites\/27\/2021\/09\/CL_10101249770_IMG_PROD1_BL-2048x2048.jpg",2048,2048,true],"vp_sm":["https:\/\/ducasseindustrial.com\/testcl\/wp-content\/uploads\/sites\/27\/2021\/09\/CL_10101249770_IMG_PROD1_BL-500x500.jpg",500,500,true],"vp_md":["https:\/\/ducasseindustrial.com\/testcl\/wp-content\/uploads\/sites\/27\/2021\/09\/CL_10101249770_IMG_PROD1_BL-800x800.jpg",800,800,true],"vp_lg":["https:\/\/ducasseindustrial.com\/testcl\/wp-content\/uploads\/sites\/27\/2021\/09\/CL_10101249770_IMG_PROD1_BL-1280x1280.jpg",1280,1280,true],"vp_xl":["https:\/\/ducasseindustrial.com\/testcl\/wp-content\/uploads\/sites\/27\/2021\/09\/CL_10101249770_IMG_PROD1_BL-1920x1920.jpg",1920,1920,true],"vp_sm_popup":["https:\/\/ducasseindustrial.com\/testcl\/wp-content\/uploads\/sites\/27\/2021\/09\/CL_10101249770_IMG_PROD1_BL-500x500.jpg",500,500,true],"vp_md_popup":["https:\/\/ducasseindustrial.com\/testcl\/wp-content\/uploads\/sites\/27\/2021\/09\/CL_10101249770_IMG_PROD1_BL-800x800.jpg",800,800,true],"vp_xl_popup":["https:\/\/ducasseindustrial.com\/testcl\/wp-content\/uploads\/sites\/27\/2021\/09\/CL_10101249770_IMG_PROD1_BL-1920x1920.jpg",1920,1920,true],"woocommerce_thumbnail":["https:\/\/ducasseindustrial.com\/testcl\/wp-content\/uploads\/sites\/27\/2021\/09\/CL_10101249770_IMG_PROD1_BL-300x300.jpg",300,300,true],"woocommerce_single":["https:\/\/ducasseindustrial.com\/testcl\/wp-content\/uploads\/sites\/27\/2021\/09\/CL_10101249770_IMG_PROD1_BL-1024x1024.jpg",1024,1024,true],"woocommerce_gallery_thumbnail":["https:\/\/ducasseindustrial.com\/testcl\/wp-content\/uploads\/sites\/27\/2021\/09\/CL_10101249770_IMG_PROD1_BL-100x100.jpg",100,100,true],"variation_swatches_image_size":["https:\/\/ducasseindustrial.com\/testcl\/wp-content\/uploads\/sites\/27\/2021\/09\/CL_10101249770_IMG_PROD1_BL-scaled.jpg",50,50,false],"variation_swatches_tooltip_size":["https:\/\/ducasseindustrial.com\/testcl\/wp-content\/uploads\/sites\/27\/2021\/09\/CL_10101249770_IMG_PROD1_BL-scaled.jpg",100,100,false]},"uagb_author_info":{"display_name":"emunoz","author_link":"https:\/\/ducasseindustrial.com\/testcl\/archivo\/author"},"uagb_comment_info":0,"uagb_excerpt":"Dale un toque vintage a tu hogar u oficina con la Repisa Vintage Multi, marca Ducasse Industrial que har\u00e1 resaltar cualquiera de tus paredes y funciona a la perfecci\u00f3n","_links":{"self":[{"href":"https:\/\/ducasseindustrial.com\/testcl\/wp-json\/wp\/v2\/product\/21352","targetHints":{"allow":["GET"]}}],"collection":[{"href":"https:\/\/ducasseindustrial.com\/testcl\/wp-json\/wp\/v2\/product"}],"about":[{"href":"https:\/\/ducasseindustrial.com\/testcl\/wp-json\/wp\/v2\/types\/product"}],"replies":[{"embeddable":true,"href":"https:\/\/ducasseindustrial.com\/testcl\/wp-json\/wp\/v2\/comments?post=21352"}],"version-history":[{"count":2,"href":"https:\/\/ducasseindustrial.com\/testcl\/wp-json\/wp\/v2\/product\/21352\/revisions"}],"predecessor-version":[{"id":21496,"href":"https:\/\/ducasseindustrial.com\/testcl\/wp-json\/wp\/v2\/product\/21352\/revisions\/21496"}],"wp:featuredmedia":[{"embeddable":true,"href":"https:\/\/ducasseindustrial.com\/testcl\/wp-json\/wp\/v2\/media\/21310"}],"wp:attachment":[{"href":"https:\/\/ducasseindustrial.com\/testcl\/wp-json\/wp\/v2\/media?parent=21352"}],"wp:term":[{"taxonomy":"product_brand","embeddable":true,"href":"https:\/\/ducasseindustrial.com\/testcl\/wp-json\/wp\/v2\/product_brand?post=21352"},{"taxonomy":"product_cat","embeddable":true,"href":"https:\/\/ducasseindustrial.com\/testcl\/wp-json\/wp\/v2\/product_cat?post=21352"},{"taxonomy":"product_tag","embeddable":true,"href":"https:\/\/ducasseindustrial.com\/testcl\/wp-json\/wp\/v2\/product_tag?post=21352"}],"curies":[{"name":"wp","href":"https:\/\/api.w.org\/{rel}","templated":true}]}}